 = 79 + x. Calculate the greatest common factor of z and 44.
44
Let c be -3 + 114/21 - 27/63. Let k(y) = 15*y - 1. Let w be k(1). Calculate the highest common divisor of w and c.
2
Suppose 354 = 4*z - 1506. Calculate the greatest common factor of z and 93.
93
Let j be (-8)/(-20) + (2 - 1194/(-15)). Calculate the greatest common factor of j and 123.
41
Let i be 156/72 - 1/6. Suppose -m + i*n + 14 = -3, -4*m + n = -47. Calculate the highest common factor of m and 44.
11
Let j(p) = -2*p + 0*p**2 - 2*p - p**2 + 2 + 7*p**2. Let c be j(2). Calculate the greatest common factor of c and 18.
18
Let j(p) = 14*p**2 + p + 2. Let z be j(-1). Suppose -g + 6 = -5*x - 2, 0 = 5*g + x - 14. What is the highest common divisor of g and z?
3
Let h be 4 + -126*(2 - (-2 + 5)). What is the highest common divisor of h and 78?
26
Let f(j) = -j + 7. Let o be f(3). Suppose 3*r = -2*p + 20 - o, -2*r = -4. Suppose t = p*t - 20. Calculate the greatest common divisor of 55 and t.
5
Let n = 256 + -252. Calculate the greatest common factor of 172 and n.
4
Let c(h) = 17*h**2 - 51. Let s be c(-8). Calculate the greatest common factor of s and 17.
17
Suppose 11*v - 256 = 30. Calculate the greatest common factor of 208 and v.
26
Let k = 828 - 48. Calculate the greatest common factor of k and 3.
3
Suppose 7*n - 80 = -3. Calculate the greatest common factor of n and 671.
11
Let n(u) = u**3 - 4*u**2 - 5*u + 11. Let y(m) = -4*m**3 + 4*m**2 + 4*m + 1. Let j be y(-1). Let t be n(j). What is the greatest common factor of 99 and t?
11
Suppose -3*y + 64 = -41. Suppose -89 - 6 = -19*l. Calculate the greatest common divisor of y and l.
5
Suppose 11*c = 9*c + 32. Suppose c = 2*d - 4*f, -3*f + 4*f = -1. Suppose -2*m = w - 11, -4*m = -0*m + 5*w - 19. What is the greatest common divisor of m and d?
6
Suppose q - 6*q = 2*j - 11, 3*q - 4*j + 9 = 0. What is the highest common factor of 3 and q?
1
Let u(q) = q**2 - 1. Let l(z) = 5*z**2 + 8*z + 3. Let y(v) = l(v) - 2*u(v). Let c be y(-4). Calculate the highest common divisor of 168 and c.
21
Suppose -2*i - 2 = -2*w, -w = -3*w + 5*i - 1. Suppose -4*s + 40 = -w*s. What is the highest common divisor of s and 5?
5
Suppose 21 = d + 6. Suppose -5*f - d = 0, f - 4*f = -3*y + 48. Calculate the highest common factor of 26 and y.
13
Suppose -n = -4*d + 3*n - 212, n - 212 = 4*d. Let k = d + 143. Suppose 5*i - 146 = 3*s, -3*i + 2*s + k = -s. What is the highest common factor of i and 14?
14
Let x = 1670 - 1322. Calculate the greatest common factor of x and 36.
12
Suppose 1120 = 2*y - 0*y. Calculate the highest common divisor of y and 70.
70
Let a(j) = j**2 - 2*j - 3. Let z be a(0). Let h be (-6 - 10)*(z + 2). What is the greatest common factor of h and 8?
8
Suppose 5*k = 6*k - 2. Let g = -14 - -26. Suppose 8 = 5*s - g. What is the greatest common divisor of s and k?
2
Let p be (-385)/(-49) - (-1)/7. Suppose 0 = 3*n + 3*f - 0 - 12, 4*n + 5*f = 12. What is the highest common divisor of p and n?
8
Suppose 3 + 7 = 2*f. Let h(l) = 9*l - 9. Let r(a) = a**3 - 10*a**2 + 12*a - 21. Let g be r(9). Let w be h(g). What is the highest common divisor of f and w?
5
Suppose -113 + 5 = -9*s. Calculate the highest common factor of s and 4.
4
Let x = 2663 - 1764. What is the highest common divisor of x and 62?
31
Let g(i) = -i**3 - 2*i**2 + 23*i + 1. Let c be g(-6). Calculate the highest common divisor of 7 and c.
7
Let i = 2242 + -2131. Calculate the highest common divisor of i and 296.
37
Let k = 140 + -8. Suppose 3*h - k = -h. Let c be 10/6*2*h. Calculate the greatest common factor of c and 11.
11
Suppose -3*c = -12, 0*b = -b + 2*c + 54. Let o = -61 + b. Calculate the highest common factor of o and 7.
1
Let b be (-10 - -7)*(-4)/(-3). Let p be -4*9*4/b. What is the greatest common factor of 252 and p?
36
Let q = 14 - 14. Suppose -4*l + 19 = 5*b - 19, -2*l - b + 22 = q. What is the greatest common factor of 42 and l?
6
Let q = 1283 - 668. What is the greatest common divisor of q and 15?
15
Let r = -219 + 244. What is the greatest common factor of 200 and r?
25
Let p(h) = h**3 + 4*h**2 + 26*h + 79. Let r be p(-3). What is the greatest common divisor of 250 and r?
10
Let p = -1723 - -1790. Calculate the greatest common divisor of p and 134.
67
Suppose 2*f + 51 = -3*r, 2*r - 29 = -4*f - 111. Let k be (((-6)/2)/(-1))/(f/(-528)). What is the highest common divisor of 8 and k?
8
Let k be 5 - (854 - 2)/(-4). Suppose -34 = -3*n + k. Calculate the highest common divisor of n and 12.
12
Let v be ((-1)/6)/((180/(-12))/90). Calculate the highest common factor of v and 71.
1
Suppose -3*v + 30 = 7*v. Suppose -v*t + 4*t - 5*b = 5, 0 = -2*t - 2*b + 46. Calculate the greatest common factor of t and 4.
4
Let p(s) = -s**3 + 4*s**2 + 34*s - 85. Let u be p(7). Let v = 1 - -5. What is the greatest common factor of v and u?
6
Suppose 5*b = 4*b + 154. Suppose 638 = -10*h - 412. Let z be (h/(-10))/((-9)/(-12)). What is the greatest common divisor of b and z?
14
Let f(b) = -9*b + 15. Let l(j) = 5*j - 7. Let v(w) = -2*f(w) - 5*l(w). Let r be v(-3). Calculate the highest common divisor of 39 and r.
13
Suppose -i + t + 271 = 0, -i - 36 + 305 = -3*t. What is the greatest common divisor of 48 and i?
16
Let v be 2/(-6) + 8/(-36)*138. Let q(u) = -18*u**2 + u + 1. Let i be q(-1). Let r = i - v. Calculate the highest common factor of 13 and r.
13
Let p = -28 - -158. Let l = p + -111. Calculate the highest common divisor of 152 and l.
19
Let x(i) = -110*i**3 - i**2 + 5*i + 8. Let t be x(-2). What is the greatest common divisor of t and 46?
46
Let h be (-119)/(-34) + (-2)/4. Suppose -5*j - 3*b = -14 - 4, -7 = -3*j + 2*b. What is the highest common factor of h and j?
3
Let s be (-4)/(-10)*10045/82. What is the highest common divisor of 245 and s?
49
Let l = -329 + 337. Calculate the highest common factor of l and 8.
8
Let x(j) = -216*j + 5666. Let w be x(26). Let z be 2 - 1 - (-2 - 7). What is the highest common factor of z and w?
10
Let j be 190/14 + (-8)/14. Calculate the highest common factor of j and 4.
1
Let u be -3 + 6 - 2 - -1*133. Let p = u - 127. What is the highest common divisor of p and 77?
7
Suppose -5*d - u = 71, -3*d - 4*u + u - 33 = 0. Let w(k) = 2*k + 42. Let z be w(d). What is the highest common divisor of z and 36?
12
Let f = 349 + -196. Let x(a) = 12*a - 7. Let p be x(2). What is the greatest common divisor of p and f?
17
Let p = 52 + -49. Let b be p/6*0 - 9*-36. What is the greatest common divisor of 36 and b?
36
Suppose -2*l - 8 = -3*l - j, -2*j - 32 = -2*l. Let u be -2 - (7 - -33*(-5 + 4)). What is the greatest common divisor of u and l?
12
Let b = 25 - 20. Suppose r = -b*r + 672. Calculate the greatest common divisor of 14 and r.
14
Let z(m) = 5*m - 24. Let v be z(11). Let c = v - 28. Suppose -c*p - y + 22 = -6, -3*p + 5*y = -22. What is the greatest common divisor of 27 and p?
9
Let m(g) = -g**3 + 36*g - 42. Let q be m(-9). Let p be 2*-1*(-66)/4. Calculate the highest common factor of q and p.
33
Let o be 3 - 3 - (0 - 1). Let k(f) = 5*f**3 - 1 - 6*f**3 + f + 2*f**3. Let g be k(o). Calculate the highest common factor of g and 2.
1
Let j be (-33)/55 + 364/(-10). Let k = -25 - j. What is the highest common divisor of k and 60?
12
Suppose -v + 215 = 2*d, 3*v - 460 = -4*d + 7*v. Let k be (-156)/234 + (-32)/(-3). What is the greatest common divisor of k and d?
10
Suppose -70 = 5*y + 4*a, 4 = -4*y - a - 41. Let f be (-324)/(-30) + (-2)/y. Suppose j - 37 = -f. Calculate the highest common factor of 130 and j.
26
Let f(x) = -x**3 + 9*x**2 - 6*x - 7. Let p be f(8). Suppose p = n + 5. Suppose n*b - 51 = b. What is the highest common divisor of b and 17?
17
Suppose 5 = u, 4*p = p - 3*u + 201. Let d be p/10 - 3/15. Let m = -22 + 28. What is the highest common factor of d and m?
6
Let n = 12 - -28. Suppose -101 + 96 = -f. Calculate the greatest common factor of n and f.
5
Let v be 63/(-12) + 2/8. Let t be (-4)/(-10) - 53/v. Suppose -66*c + 10*c + 1848 = 0. What is the greatest common factor of c and t?
11
Suppose 26 + 10 = -2*x. Let j = x + 67. Suppose -32 = -5*s + 3. What is the highest common divisor of j and s?
7
Suppose 5*n - 2*s - 7 + 2 = 0, 5*n - 3*s = 10. Let i be 1 - 3 - (-30 - n). What is the greatest common divisor of i and 216?
27
Let d = -144 + 159. Calculate the highest common factor of d